Suppose -6 = -4*h + k. Let t(d) = d - 2. Give t(h).
3
Let n(t) be the first derivative of t**4/4 + t + 4. Suppose -5*g - 4*c = -3, 2*g - 5*c + 14 = -2*g. Let o = g + 2. Give n(o).
2
Let f(w) = 1 + 97*w - 29*w - 32*w - 35*w - 13. What is f(11)?
-1
Let j(l) be the third derivative of -l**5/60 + 5*l**4/12 - l**3/2 - 779*l**2. Calculate j(9).
6
Let g(h) = -4*h**2 + 6*h - 3. Let k be g(1). Let z(p) be the third derivative of 4*p**5/15 - p**4/24 - 3*p**2. Calculate z(k).
17
Suppose 0 = -0*h - 2*h - 12. Let b(j) be the first derivative of j**4/12 + j**3 + j**2 - 6*j + 7. Let x(l) be the first derivative of b(l). What is x(h)?
2
Let v be (3 - 7 - -5)*24. Let i(d) = -15 - 2*d + v - 12. Let x be i(-4). Let s(m) = m**3 - 4*m**2 - 5*m + 2. What is s(x)?
2
Let x(f) = 29*f + 30*f - 57*f. Let k(q) = -1. Let t(s) = -k(s) + x(s). Calculate t(3).
7
Let k = -9 - -4. Let b(m) = -28*m**3 - 55*m**2 - 20*m - 73. Let w(c) = -3*c**3 - 6*c**2 - 2*c - 8. Let z(g) = -2*b(g) + 19*w(g). What is z(k)?
9
Let n(g) be the first derivative of -47 + 1/2*g**2 - 14*g. What is n(8)?
-6
Let b(p) = -3*p - p + 0*p**3 + 5*p**2 - p**3 + 3 + 2*p**3. Let a(n) = 3*n**2 + 11*n. Let f be a(-3). Calculate b(f).
-9
Let o(r) = r**2. Let x = 25 - -39. Let q be (x/(-12))/(4/(-6)). Suppose 4*b = -8, -b = 4*j + 3*b + q. Determine o(j).
0
Let g(i) be the second derivative of -i**5/20 - 5*i**4/12 + i**3/3 + 2*i**2 + 15*i. Let h be g(-5). Let z(v) = v**2 + 6*v - 1. Calculate z(h).
-1
Let h(t) = -5*t - 15. Let i(m) = 8*m + 14. Let o(a) = -18*a - 28. Let k(r) = 5*i(r) + 2*o(r). Let g(y) = -2*h(y) - 3*k(y). What is g(-8)?
4
Let l(h) = -h**2 + 14*h + 1. Let a(s) = -s + 29. Let t be a(15). Determine l(t).
1
Let o(r) = 58 + 0*r**2 + r**2 - 23*r - 3*r + 0*r**2. Determine o(24).
10
Suppose 3*d = 12 - 24. Let h be 3*d/(-12)*-3. Let p(g) be the second derivative of g**3/3 + g**2/2 + g. Determine p(h).
-5
Let d(v) be the first derivative of -v**3 + v**2/2 + 4*v - 162. Give d(3).
-20
Let l = 1 - 6. Let x = 13 + l. Let t(m) = -x + m - 4 + 9. Give t(0).
-3
Let o(t) = 123*t**2 + 27*t + 15. Let z(k) = -77*k**2 - 18*k - 10. Let s(f) = -5*o(f) - 8*z(f). Let b(n) = -n**2 + 5*n. Let j be b(6). Determine s(j).
-13
Let t(a) be the first derivative of -a**4/4 - 4*a**3 + 4*a - 68. Determine t(-12).
4
Suppose 3*v = 14*v - 11. Let c be ((-6)/18)/(2/(-12)). Let w(z) = -z + 1 - 14*z**c - 1. Determine w(v).
-15
Let s(v) = 4*v**2 + 2*v + 21. Let q(u) = -11*u**2 - 5*u - 62. Let x(o) = 3*q(o) + 8*s(o). Let k(d) be the first derivative of x(d). Give k(5).
-9
Let j(c) = 3*c**2 + 37*c + 67. Let k be j(-10). Let q(p) = p**2 + 3*p + 3. Calculate q(k).
3
Suppose 4 = -3*p + 10, -24 = -2*h + 4*p. Suppose -4*o - 21 = t + 4*t, 0 = o - 3*t - h. Let v(x) = -2*x**3 + 2*x**2 - 2*x + 1. What is v(o)?
-1
Let a(g) = -g**2 - 5*g - 13. Let i be (10/(-25) + (-170)/(-50))/(-1). Calculate a(i).
-7
Let h(p) = p**3 - 9*p**2 + 7*p - 12. Let t be h(6). Let n be 4/(-16) + t/8. Let d(g) = g**2 + 10*g + 7. What is d(n)?
7
Let u = -51 - -47. Let m(i) = 2*i - 9. Let h(n) = -n. Let f(v) = u*h(v) - m(v). Give f(-6).
-3
Let t = -83 - -87. Let g(a) = a**3 - 3*a**2 - 3*a - 6. Determine g(t).
-2
Let q(i) = 3*i**2 - 4*i - 6*i**2 + 2*i**2 + 16 + 0*i**2. What is q(-7)?
-5
Let x be 2/7 - (-114)/(-7). Let c = x + 16. Let d(q) = -1. Let y(w) = w - 5. Let p(t) = 4*d(t) + y(t). Give p(c).
-9
Let v(m) be the first derivative of -m**2/2 - m - 1. Let a = -6 + 3. Let l be 15/(-9) - 6/27*a. Calculate v(l).
0
Let j be (-2)/3 - 10/(-6). Let h(r) = 2*r - 1. Let t be h(j). Let w be ((-2)/(-2))/(t - 0). Let q(k) = 10*k + 1. What is q(w)?
11
Let s(f) = -18*f + 10*f - 4 + 10*f. Give s(-5).
-14
Let h(c) = -10*c + 1. Suppose 5*s - 5 = 10. Suppose s*w + 31 = -0*i + 4*i, w = -5. Let b be (2/i)/(7/14). Determine h(b).
-9
Let f(l) = 42 + 4*l - 12*l - 43. Calculate f(-1).
7
Let x(d) = -4*d + 1. Let g(o) = 24*o - 5. Let t be g(6). Suppose -3*r = q + t + 25, -10 = 5*q. Let m be 5/3 - 18/r. Give x(m).
-7
Suppose -6*b - 12 = -6. Let n = 0 - b. Let q(m) = 4*m**3 - m. Determine q(n).
3
Let s(w) = w**2 - 1. Let c(f) = -8*f - 3*f**2 + 0*f**2 + 4*f**2 + 7 + 0*f**2. Let d be c(8). Let r(p) = p**3 - 6*p**2 - 8*p + 6. Let t be r(d). What is s(t)?
0
Let q(v) = 15*v**3 + 1. Suppose 3 + 1 = 2*i. Let f be (-8 + i)/(-3) + -1. What is q(f)?
16
Let y(m) = -1. Let z(s) = -s**2 + 5*s + 4. Let k(b) = -y(b) + z(b). Let c be k(6). Let t(j) = 15*j**3 + j**2. Calculate t(c).
-14
Let a be (-200)/30*6/(-8). Suppose -a*g = -2*g. Let y(l) = l + 9 + 4 - 4. Calculate y(g).
9
Let g(z) = -59*z + 197*z - 139*z - 2. Determine g(10).
-12
Let y(c) = -3*c - 9. Let f(h) = -14*h + 11*h - 4*h - 19. Let w(x) = 4*f(x) - 9*y(x). Calculate w(-4).
9
Let j(p) be the first derivative of 11*p**4/24 + p**2 + 7. Let b(s) be the second derivative of j(s). Give b(1).
11
Let w(j) = j - 9. Suppose -6 = 40*h - 42*h. Give w(h).
-6
Let k(g) = -6*g**2 - 2. Let x(a) = 15*a**2 - a + 5. Let w(t) = 7*k(t) + 3*x(t). Calculate w(2).
7
Let r(w) = -w + 17. Let v be r(11). Suppose -z - k + v = 0, 2*z - 4*k + 20 = 5*z. Let c(f) = f**2 - z*f + f + 5*f - 4*f - 3. Calculate c(3).
0
Let p(s) = 5*s**2 - 3 - 12*s**3 + s - 3*s**2 + 6 + 3*s. Let o(k) = k**3 - k - 1. Let n(l) = -4*o(l) - p(l). Determine n(1).
7
Let k(g) be the second derivative of -1/20*g**5 + 0 + 2*g - 3*g**2 + 1/2*g**4 + 1/3*g**3. Calculate k(6).
6
Let y(g) = g**3 - g**2 + g + 3. Let i be y(2). Let v(h) = 6*h**3 + 24*h - i*h - 14*h. What is v(1)?
7
Let q(g) = -7*g - 2*g**2 + 0*g + 1 + 10*g - 2*g. Calculate q(2).
-5
Let n(d) be the second derivative of -d**5/10 + d**3/3 - d**2/2 + 2*d. Let s(i) = -21*i**2 - 2. Let z be s(0). Determine n(z).
11
Suppose -3*f + 26*l - 28*l = -8, -5*f - 5*l + 5 = 0. Let w(n) = 7*n + 6. Determine w(f).
48
Let x(i) = 2*i**3 - 2*i**2 - 2*i + 4. Suppose -3*m + 3*u + 21 = 0, u + 6 = 3*m - 7. Calculate x(m).
34
Suppose -3*n + 28 = -2*n. Suppose r = 2*m, 4*m + 3*r = -2*r + n. Let h(z) = -2*z**3 + 3*z**2 - z + 2. Give h(m).
-4
Suppose 0*y - 4*y - n = 0, 0 = -2*y - 2*n. Let x(p) = -2*p + 7. Let d(a) = a. Let t(h) = -3*d(h) - x(h). Give t(y).
-7
Let l = 650 + -647. Let s(v) = v**3 - 4*v + 2. Give s(l).
17
Let p(z) = -z**3 + 8*z**2 - 4*z. Let r = -39 + 37. Let a be r*(-2)/1 - (-5 - -2). What is p(a)?
21
Let v(s) = s**2 + 5*s + 0 + s + 6. Suppose 3*a + 3*w + 123 = 0, a - 2*w - 9 = -62. Let y be 9*(-3)/(a/(-10)). What is v(y)?
6
Let o(z) = z**3 + z + 15. Let j = -54 - -56. Suppose -5 = j*l + u, l + 1 = 2*u + 11. What is o(l)?
15
Let q be -4*((-22)/(-4) + -2 - 4). Let b(k) = 19*k - k**3 + 4*k**q + 0 - 15*k + 3. What is b(5)?
-2
Let j(w) = -3*w**2 - 3*w + 2*w - 1 - 2*w**2. Suppose 16 = 9*x - 29. Suppose x*n = -9 + 4. Determine j(n).
-5
Let u(l) = -5*l**2 + 6. Let x(f) = -f**2 - 6*f - 5. Let w be x(-6). Let g(s) = 4*s**2 + s - 5. Let t(r) = w*u(r) - 6*g(r). What is t(5)?
-5
Let s = 9 - 1. Suppose o - m = 7, -37 + s = -4*o + 5*m. Let w(h) = o*h - 89 + 89 - h**2. Give w(5).
5
Let j(a) = 6 - 3*a + 4 + 0*a - 4. Suppose k + 3*k - 16 = 0. Let f be j(k). Let p(w) = -w - 12. Calculate p(f).
-6
Let w(m) = 0 + 2 + m**3 + 2 + 6*m**2 + 2*m. Let t be (-33)/5 + (-69)/(-115). Give w(t).
-8
Let m(a) = a**2 - a + 1. Let i be m(0). Let k be (-3)/i*8/24. Let b = 6 + k. Let x(p) = p**2 - 5*p + 6. Calculate x(b).
6
Suppose i - 77 = -78. Suppose 0 = -r - 4*z + 10, -5*r + 2*z + 26 = -2*z. Let u(n) = n + r*n + 0*n + 0*n. Give u(i).
-7
Let q(m) = m**3 + 5*m**2 + 6*m + 1. Suppose 2*x + 2 = 12. Suppose -x*f = -10*f. Suppose -3*k + 4 - 16 = f. Calculate q(k).
-7
Let k(y) be the first derivative of y**3/3 - y**2/2 - 6*y - 70. Calculate k(0).
-6
Let i(l) = l - 2. Let w(o) = o**3 - 24*o**2 - 51*o - 28. Let p be w(26). Give i(p).
-4
Suppose 4*d = -2*o - 0*o + 14, -o = -5*d + 14. Let m(u) = u + 13. Let j(r) = -5*r - 54. Let q(p) = j(p) + 4*m(p). What is q(d)?
-5
Let p = -141 + 273. Let h be p/24 - 1/(-2). Let n(o) = o - 5. Determine n(h).
1
Let f(z) = z**3 + z**2 - 3*z + 2. Let q(s) = 3*s - 23. Let p be q(11). Suppose 0 = -7*m + 12*m - p. What is f(m)?
8
Suppose 5*k = 3*d + 11, -4*d + k = -2*k. Let v(i) = -5*i + 4*i**2 + 15 - d*i**2 - 15. Calculate v(5).
0
Let x(i) = -i**2 + 4*i - 4. Let r be ((-16)/(-16))/(1/(-106)*-2). Let n = 58 - r. Give x(n).
-9
Let p(i) = i**2 + 13*i + 39. Let l be p(-9). Let q(j) = -2*j + 6. Cal